
2, 5, 761
Let x = -2220 - -2439. What are the prime factors of x?
3, 73
Suppose 5*b = 5*b + 4*b. Suppose b = 4*r + r - 1645. What are the prime factors of r?
7, 47
Let z = 11049 - 10937. What are the prime factors of z?
2, 7
What are the prime factors of 4/(-1 + 3)*(-271623)/(-66) - -1?
2, 3, 7
Suppose -4*l - 2*p + 13 = -19, 5*l = 2*p + 49. List the prime factors of 27/9*762/l.
2, 127
Suppose 5*p - 647 = -v, 5*v - 6*p = -8*p + 3304. Let t = v - 86. List the prime factors of t.
2, 3
Let z be 2/(8/(-20))*(-4)/10. Suppose 3*g - 799 = 2*s, -g - 546 = -3*g - z*s. List the prime factors of g.
269
Let m(w) be the third derivative of -w**5/2 - w**4/12 + 13*w**3/6 - 3*w**2. Let r(d) be the first derivative of m(d). What are the prime factors of r(-1)?
2, 29
Let n be (-3 - -5)/((-7)/266). Suppose -2*l = 22 - 54. What are the prime factors of -24*(1/(l/n) + -2)?
2, 3
Let g(v) = v + 9. Let h be (6/(-9))/((-4)/(-30)). Let l(z) = -z - 4. Let c(b) = h*l(b) - 2*g(b). What are the prime factors of c(10)?
2
Let l be (12/15)/((-3)/(-1260)). Let m(d) = d**3 - d**2 + 2*d - 2. Let t be m(1). Suppose -30*r + 26*r + l = t. List the prime factors of r.
2, 3, 7
Suppose 3*y - 186 = -4*q + y, 156 = 3*q - 4*y. Suppose q*d - 44*d - 460 = 0. What are the prime factors of (d/20 - 0)/((-1)/(-24))?
2, 3, 23
List the prime factors of 5 - (204/(-714) - (-51350)/(-7)).
3, 2447
Let v = 3633 - 1075. What are the prime factors of v?
2, 1279
Let k be (7 + 0 + -2)*(-24)/(-5). Let p be k/10*(4 + (-3)/2). Suppose -10*s = -p*s - 292. List the prime factors of s.
73
Suppose 15738 = 5*r - 3*j, 2*r + 4*j - 4819 = 1471. List the prime factors of r.
3, 1049
Suppose -h = 56*z - 59*z + 33662, -z = 4*h - 11225. What are the prime factors of z?
7, 229
Suppose -3*n - 92 = -101, 0 = -y + n + 28710. List the prime factors of y.
3, 17, 563
Let q(s) = 3*s + 46. Let b be q(-12). List the prime factors of 4/b - 202059/(-165).
5, 7
Suppose -2*y + 16 = 3*s, -s - y - y = 0. What are the prime factors of 179 - 1 - (s - 9)?
179
Let i be 3 + 4/3*1785/10. Let x = i + 626. List the prime factors of x.
3, 17
Let z(j) = 12*j**3 + 2*j**2 - 6*j - 11. Let d be z(-2). Let w = 98 + d. List the prime factors of 3/99*6 + 2033/w.
5, 37
Suppose i - 250 = -4*g - 4*i, -128 = -2*g - 4*i. Let p = g - 49. Suppose -p*b + 218 = -9*b. What are the prime factors of b?
109
Let w = -70035 + 100757. List the prime factors of w.
2, 15361
Suppose -90*r + 261209 = -37*r - 40*r. List the prime factors of r.
71, 283
Let z(q) = -q**3 - 5*q**2 + 3*q - 57. Let h be z(0). What are the prime factors of 41*15*(-152)/h?
2, 5, 41
Suppose 2*h - 46 = 5*i - 10*i, i - 5*h = -7. Suppose -y + 53 = -m, -11*y = -i*y - 4*m - 154. List the prime factors of y.
2, 29
Suppose 0 = -20*w + 186 - 26. Let s(i) = 40*i + 56. What are the prime factors of s(w)?
2, 47
Suppose 3*i - 91 = -q + 249, 4*i = 5*q + 466. Let k be (-3)/((-2577)/642 - -4). Let d = k - i. What are the prime factors of d?
2, 5
List the prime factors of 106445*(-23)/((-2300)/40).
2, 61, 349
Let f(r) = 4606*r + 43. Let u be f(12). Let c be (-6)/(-8) + u/92. Suppose -6 = 3*g, -4*i - g - 4*g = -c. List the prime factors of i.
3, 17
Suppose -3*l + 17 = -2*o, -4*l = -3*o - 0*l - 26. Let n(p) = -p**3 - 7*p**2 - 23*p + 4. What are the prime factors of n(o)?
2, 3, 89
Let s(r) = 7*r**2 - 25*r + 9. Let y be s(18). Suppose 9*n + 252 = y. List the prime factors of n.
5, 7
Suppose 45*c + 11256 = 37*c. Let t = 2277 + c. List the prime factors of (t/(4 - 7))/(-2).
5, 29
Let c(g) = 3*g**3 - 52*g**2 - 47*g + 65. What are the prime factors of c(22)?
5807
Let l = 38 - 7. Suppose -l*z + 30*z = -284. List the prime factors of z.
2, 71
Let q = -13 - -8. What are the prime factors of (-3 - 0 - (-485)/(-25))*q?
2, 7
Let h be (-1)/(44/8 - 5). Let r be (5 - (-295)/(-25))/(h/150). Suppose -5*d = -2*d + 3*q - r, -3*d + 506 = 2*q. List the prime factors of d.
2, 83
Let c = 1062 - -1824. List the prime factors of c.
2, 3, 13, 37
Let w(n) = -n**2 + 8*n + 86. Let q be w(13). Suppose 36434 = q*d + 314. What are the prime factors of d?
2, 5, 43
Let p be (5 + -10)*(-12)/(-15). Let l = -1 - p. Suppose 4*w - 6*g + 4*g - 774 = 0, g + 580 = l*w. List the prime factors of w.
193
Let s be ((-56)/10)/(-2*(-4)/280). List the prime factors of -1 - s/(-6)*-3.
97
Let y(a) = -a**2 - 18*a + 18. Let s be 24/108 - (-284)/18. Let h be s/(-2)*18/8. What are the prime factors of y(h)?
2, 3
Suppose -h + 9 = 4. Suppose 2*l + 248 = h*n, 2*n = 4*l + n + 496. List the prime factors of 97/4 - 93/l.
5
Let y(g) = 239 + 956*g - 550*g - 611*g. List the prime factors of y(-5).
2, 79
Suppose 2*y - 18202 = -504*b + 506*b, 0 = 4*y - b - 36389. What are the prime factors of y?
2, 3, 379
Suppose g - 5*o = 1, -5*g = -g - 3*o - 72. Suppose g*p = 17*p + 156. Suppose -k + 31 + p = 0. What are the prime factors of k?
2, 5, 7
Let z(j) = 47*j - 15. Let w be z(1). Suppose 0 = w*a - 39*a + 3409. What are the prime factors of a?
487
Let q(b) = -b**3 - 16*b**2 - 18*b - 53. Suppose 224 = -15*a + a. What are the prime factors of q(a)?
5, 47
Let s be 12*((-35)/21 + (-2)/(-3)). Let k be (666/(-4))/(s/16). Suppose -162 = -3*f + k. What are the prime factors of f?
2
Let a(l) = 5*l**3 + 6*l**2 + l + 8. Let k be a(-3). List the prime factors of 9/(k/40 + 2).
2, 3, 5
List the prime factors of (-1)/(-5) - (-3104136)/270.
11497
Let i = 738 + -662. List the prime factors of 3/4 - (-83011)/i.
1093
Let s be -233*((-3)/(-3) - 2). Suppose -4*v - 683 = -2*c - s, -682 = -3*c - v. List the prime factors of c.
227
Suppose 30 = 2*m + 5*n, -15 - 11 = -2*m - 4*n. Suppose 0 = -f - x + 134, 538 = 3*f - m*x + 128. List the prime factors of f.
3, 5
Let x(h) = -h**2 - 9*h - 17. Let m be x(18). Let o = 205 + m. Let d = o - -494. What are the prime factors of d?
2, 7
Let r(g) = -g**3 - g**2 + g + 2. Let m be r(0). Let j(i) = i**3 - 4*i**2 + 2*i + 2. Let c be j(m). List the prime factors of (-59)/c - 4/(-8).
2, 3, 5
Suppose 279*k - 290*k + 120132 = -154296. List the prime factors of k.
2, 3, 7, 11
Let k be ((-23)/1)/(1/(-2 - -1)). Let o = k - 19. List the prime factors of 2/o - ((-604)/8 - -2).
2, 37
Suppose -41*g + 40*g + 28 = 0. Suppose 40*o = g*o + 20976. List the prime factors of o.
2, 19, 23
Suppose 56*v + 49882 = 2*u + 54*v, v + 99743 = 4*u. List the prime factors of u.
2, 7, 13, 137
Let m(v) = 4*v - 20. Let i = 42 - 37. Let h be m(i). Suppose -10*j + 7*j + 93 = h. List the prime factors of j.
31
Let n(w) be the third derivative of -19*w**4/24 + 17*w**3/3 + 30*w**2. Let g be n(-6). Suppose -g = 2*x - 6*x. What are the prime factors of x?
37
Suppose 0*m = m - 4, 16 = 5*l - m. Let a(r) be the first derivative of 3*r**4/4 + r**3 - 11*r**2/2 - 1735. What are the prime factors of a(l)?
2, 7
Let p = 701 + -459. Suppose -p*c = -243*c + 756. What are the prime factors of c?
2, 3, 7
What are the prime factors of (-7 - (-1205040)/(-140))*-7?
47, 1283
Let c be (-2 + 4)/(6/9). Suppose 2*v - 51 = -h, -c*v + h + 53 = -v. What are the prime factors of v?
2, 13
Let m be 8/68 + 192/102. Suppose -4*a = -2*c + 276, -m*c + 5*a + 292 = 9*a. List the prime factors of c.
2, 71
Let t = 7838 + 46865. List the prime factors of t.
11, 4973
Suppose 15*y = 10*y - 85. Let j(r) = -r**3 - 16*r**2 + 19*r + 34. Let v be j(y). Suppose 32*b - 27*b - 240 = v. List the prime factors of b.
2, 3
Let p be (-46)/(-14) + 20/(-70) + -9. Let m be 1 + -101 + ((-20)/5 - p). Let r = m + 240. What are the prime factors of r?
2, 71
Suppose -i - 3*i + 70 = q, i - 2*q = 13. Suppose 4*n = -n - 2*g + i, 0 = 4*g - 4. What are the prime factors of (-3)/(6/(-202)) - n?
2, 7
Let l(r) = -2*r**3 - 45*r**2 - 21*r + 28. Let c be l(-22). Suppose -3*j + 702 = -3*y, -960 = 2*j - c*j - 4*y. List the prime factors of j.
3, 79
Let s = -687 - -402. Suppose -50*u + 30138 = 6888. Let o = u + s. List the prime factors of o.
2, 3, 5
What are the prime factors of (-7237*1)/(264/(-264))?
7237
List the prime factors of 13501 + (-847)/84 + 6/72.
3, 1499
Suppose 2*h - 32 = -24. Suppose -h*n + 0*k + 529 = -5*k, -4*k = 5*n - 651. List the prime factors of n.
131
Let c(v) = -3*v**2 - 3. Let z be c(-4). Let d = -49 - z. Suppose -3*g = u + g - 82, -u - d*g = -82. What are the prime factors of u?
2, 41
Let l = 2844 - -227. Suppose -l = -12*m + 517. List the prime factors of m